{"id":74,"date":"2024-01-08T17:24:21","date_gmt":"2024-01-08T17:24:21","guid":{"rendered":"https:\/\/coopfeagropaz.org\/?page_id=74"},"modified":"2025-09-08T02:56:33","modified_gmt":"2025-09-08T02:56:33","slug":"gallery","status":"publish","type":"page","link":"https:\/\/coopfeagropaz.org\/index.php\/gallery\/","title":{"rendered":"Gallery"},"content":{"rendered":"\t\t<div data-elementor-type=\"wp-page\" data-elementor-id=\"74\" class=\"elementor elementor-74\" data-elementor-post-type=\"page\">\n\t\t\t\t\t\t<section class=\"elementor-section elementor-top-section elementor-element elementor-element-61ba2103 elementor-section-full_width elementor-section-height-min-height elementor-section-height-default elementor-section-items-middle\" data-id=\"61ba2103\" data-element_type=\"section\" data-settings=\"{&quot;background_background&quot;:&quot;classic&quot;}\">\n\t\t\t\t\t\t\t<div class=\"elementor-background-overlay\"><\/div>\n\t\t\t\t\t\t\t<div class=\"elementor-container elementor-column-gap-default\">\n\t\t\t\t\t<div class=\"elementor-column elementor-col-100 elementor-top-column elementor-element elementor-element-4933241b\" data-id=\"4933241b\" data-element_type=\"column\">\n\t\t\t<div class=\"elementor-widget-wrap elementor-element-populated\">\n\t\t\t\t\t\t<div class=\"elementor-element elementor-element-31000455 elementor-widget elementor-widget-heading\" data-id=\"31000455\" data-element_type=\"widget\" data-widget_type=\"heading.default\">\n\t\t\t\t<div class=\"elementor-widget-container\">\n\t\t\t\t\t<h2 class=\"elementor-heading-title elementor-size-default\">PROGRAMA AGROINDUSTRIAL NACIONAL<\/h2>\t\t\t\t<\/div>\n\t\t\t\t<\/div>\n\t\t\t\t<div class=\"elementor-element elementor-element-3268e39f elementor-widget elementor-widget-text-editor\" data-id=\"3268e39f\" data-element_type=\"widget\" data-widget_type=\"text-editor.default\">\n\t\t\t\t<div class=\"elementor-widget-container\">\n\t\t\t\t\t\t\t\t\t<p>\u201cREACTIVAR AGROINDUSTRIALMENTE<br class=\"wixui-rich-text__text\" \/>TODAS LAS CADENAS AGRICOLAS Y PECUARIAS ORG\u00c1NICAS EN COLOMBIA\u201d<\/p>\t\t\t\t\t\t\t\t<\/div>\n\t\t\t\t<\/div>\n\t\t\t\t\t<\/div>\n\t\t<\/div>\n\t\t\t\t\t<\/div>\n\t\t<\/section>\n\t\t\t\t<section class=\"elementor-section elementor-top-section elementor-element elementor-element-74a2e2b elementor-section-boxed elementor-section-height-default elementor-section-height-default\" data-id=\"74a2e2b\" data-element_type=\"section\">\n\t\t\t\t\t\t<div class=\"elementor-container elementor-column-gap-default\">\n\t\t\t\t\t<div class=\"elementor-column elementor-col-50 elementor-top-column elementor-element elementor-element-fde26bd\" data-id=\"fde26bd\" data-element_type=\"column\">\n\t\t\t<div class=\"elementor-widget-wrap elementor-element-populated\">\n\t\t\t\t\t\t<div class=\"elementor-element elementor-element-e27ed32 elementor-widget elementor-widget-spacer\" data-id=\"e27ed32\" data-element_type=\"widget\" data-widget_type=\"spacer.default\">\n\t\t\t\t<div class=\"elementor-widget-container\">\n\t\t\t\t\t\t\t<div class=\"elementor-spacer\">\n\t\t\t<div class=\"elementor-spacer-inner\"><\/div>\n\t\t<\/div>\n\t\t\t\t\t\t<\/div>\n\t\t\t\t<\/div>\n\t\t\t\t<div class=\"elementor-element elementor-element-63246bb elementor-widget elementor-widget-heading\" data-id=\"63246bb\" data-element_type=\"widget\" data-widget_type=\"heading.default\">\n\t\t\t\t<div class=\"elementor-widget-container\">\n\t\t\t\t\t<h2 class=\"elementor-heading-title elementor-size-default\">\nRESUMEN DEL PROBLEMA<\/h2>\t\t\t\t<\/div>\n\t\t\t\t<\/div>\n\t\t\t\t<div class=\"elementor-element elementor-element-3e87e37 elementor-widget elementor-widget-text-editor\" data-id=\"3e87e37\" data-element_type=\"widget\" data-widget_type=\"text-editor.default\">\n\t\t\t\t<div class=\"elementor-widget-container\">\n\t\t\t\t\t\t\t\t\t<p>El uso de los agroqu\u00edmicos en los cultivos hace que se pierda la fertilidad de los suelos, los insectos polinizadores como las abejas, ha incidido tambi\u00e9n en el bajo rendimiento econ\u00f3mico en los productos agr\u00edcolas, el costo elevado de los agro insumos, en este modelo de agricultura no se tiene en cuenta el ambiente, los ciclos naturales ni el uso sostenible de los recursos ecol\u00f3gicos, causando deterioro socio ambiental y econ\u00f3mico a los agricultores.<\/p>\t\t\t\t\t\t\t\t<\/div>\n\t\t\t\t<\/div>\n\t\t\t\t\t<\/div>\n\t\t<\/div>\n\t\t\t\t<div class=\"elementor-column elementor-col-50 elementor-top-column elementor-element elementor-element-2e3defb\" data-id=\"2e3defb\" data-element_type=\"column\">\n\t\t\t<div class=\"elementor-widget-wrap elementor-element-populated\">\n\t\t\t\t\t\t<div class=\"elementor-element elementor-element-35aa67c elementor-widget elementor-widget-spacer\" data-id=\"35aa67c\" data-element_type=\"widget\" data-widget_type=\"spacer.default\">\n\t\t\t\t<div class=\"elementor-widget-container\">\n\t\t\t\t\t\t\t<div class=\"elementor-spacer\">\n\t\t\t<div class=\"elementor-spacer-inner\"><\/div>\n\t\t<\/div>\n\t\t\t\t\t\t<\/div>\n\t\t\t\t<\/div>\n\t\t\t\t<div class=\"elementor-element elementor-element-cb79492 elementor-widget elementor-widget-heading\" data-id=\"cb79492\" data-element_type=\"widget\" data-widget_type=\"heading.default\">\n\t\t\t\t<div class=\"elementor-widget-container\">\n\t\t\t\t\t<h2 class=\"elementor-heading-title elementor-size-default\">SOLUCI\u00d3N<\/h2>\t\t\t\t<\/div>\n\t\t\t\t<\/div>\n\t\t\t\t<div class=\"elementor-element elementor-element-2e36747 elementor-widget elementor-widget-text-editor\" data-id=\"2e36747\" data-element_type=\"widget\" data-widget_type=\"text-editor.default\">\n\t\t\t\t<div class=\"elementor-widget-container\">\n\t\t\t\t\t\t\t\t\t<ul class=\"font_2 wixui-rich-text__text\"><li class=\"wixui-rich-text__text\"><p class=\"font_2 wixui-rich-text__text\"><span class=\"wixui-rich-text__text\">Construcci\u00f3n de plantas de producci\u00f3n de bio insumos.<\/span><\/p><\/li><li class=\"wixui-rich-text__text\"><p class=\"font_2 wixui-rich-text__text\"><span class=\"wixui-rich-text__text\">Compra directa a nivel nacional e internacional en econom\u00eda solidaria<\/span><\/p><\/li><li class=\"wixui-rich-text__text\"><p class=\"font_2 wixui-rich-text__text\"><span class=\"wixui-rich-text__text\">Centro acopio, infraestructura, VIAS, salarios, pensi\u00f3n campesina<\/span><\/p><\/li><li class=\"wixui-rich-text__text\"><p class=\"font_2 wixui-rich-text__text\"><span class=\"wixui-rich-text__text\">Descontaminaci\u00f3n de suelos y agua Nanotecnolog\u00eda y biotecnolog\u00eda.<\/span><\/p><\/li><li class=\"wixui-rich-text__text\"><p class=\"font_2 wixui-rich-text__text\"><span class=\"wixui-rich-text__text\">Convenios con la universidad a nivel rural. y educaci\u00f3n financiera. Proyectos de vivienda agroindustrial, Rural y Urbano. Con T: I: R<\/span><\/p><\/li><\/ul>\t\t\t\t\t\t\t\t<\/div>\n\t\t\t\t<\/div>\n\t\t\t\t\t<\/div>\n\t\t<\/div>\n\t\t\t\t\t<\/div>\n\t\t<\/section>\n\t\t\t\t<section class=\"elementor-section elementor-top-section elementor-element elementor-element-dc99591 elementor-section-boxed elementor-section-height-default elementor-section-height-default\" data-id=\"dc99591\" data-element_type=\"section\">\n\t\t\t\t\t\t<div class=\"elementor-container elementor-column-gap-default\">\n\t\t\t\t\t<div class=\"elementor-column elementor-col-100 elementor-top-column elementor-element elementor-element-f49fb3c\" data-id=\"f49fb3c\" data-element_type=\"column\">\n\t\t\t<div class=\"elementor-widget-wrap elementor-element-populated\">\n\t\t\t\t\t\t<div class=\"elementor-element elementor-element-5b3beda elementor-widget elementor-widget-image\" data-id=\"5b3beda\" data-element_type=\"widget\" data-widget_type=\"image.default\">\n\t\t\t\t<div class=\"elementor-widget-container\">\n\t\t\t\t\t\t\t\t\t\t\t\t\t\t\t<img fetchpriority=\"high\" decoding=\"async\" width=\"1024\" height=\"683\" src=\"https:\/\/coopfeagropaz.org\/wp-content\/uploads\/2025\/09\/hands-6135743-1024x683.jpg\" class=\"attachment-large size-large wp-image-930\" alt=\"\" srcset=\"https:\/\/coopfeagropaz.org\/wp-content\/uploads\/2025\/09\/hands-6135743-1024x683.jpg 1024w, https:\/\/coopfeagropaz.org\/wp-content\/uploads\/2025\/09\/hands-6135743-300x200.jpg 300w, https:\/\/coopfeagropaz.org\/wp-content\/uploads\/2025\/09\/hands-6135743-768x512.jpg 768w, https:\/\/coopfeagropaz.org\/wp-content\/uploads\/2025\/09\/hands-6135743-1536x1024.jpg 1536w, https:\/\/coopfeagropaz.org\/wp-content\/uploads\/2025\/09\/hands-6135743-2048x1365.jpg 2048w\" sizes=\"(max-width: 1024px) 100vw, 1024px\" \/>\t\t\t\t\t\t\t\t\t\t\t\t\t\t\t<\/div>\n\t\t\t\t<\/div>\n\t\t\t\t\t<\/div>\n\t\t<\/div>\n\t\t\t\t\t<\/div>\n\t\t<\/section>\n\t\t\t\t<section class=\"elementor-section elementor-top-section elementor-element elementor-element-b60b471 elementor-section-boxed elementor-section-height-default elementor-section-height-default\" data-id=\"b60b471\" data-element_type=\"section\">\n\t\t\t\t\t\t<div class=\"elementor-container elementor-column-gap-default\">\n\t\t\t\t\t<div class=\"elementor-column elementor-col-50 elementor-top-column elementor-element elementor-element-bfb32c7\" data-id=\"bfb32c7\" data-element_type=\"column\">\n\t\t\t<div class=\"elementor-widget-wrap elementor-element-populated\">\n\t\t\t\t\t\t<div class=\"elementor-element elementor-element-8fa7f0f elementor-widget elementor-widget-spacer\" data-id=\"8fa7f0f\" data-element_type=\"widget\" data-widget_type=\"spacer.default\">\n\t\t\t\t<div class=\"elementor-widget-container\">\n\t\t\t\t\t\t\t<div class=\"elementor-spacer\">\n\t\t\t<div class=\"elementor-spacer-inner\"><\/div>\n\t\t<\/div>\n\t\t\t\t\t\t<\/div>\n\t\t\t\t<\/div>\n\t\t\t\t<div class=\"elementor-element elementor-element-b138657 elementor-widget elementor-widget-heading\" data-id=\"b138657\" data-element_type=\"widget\" data-widget_type=\"heading.default\">\n\t\t\t\t<div class=\"elementor-widget-container\">\n\t\t\t\t\t<h2 class=\"elementor-heading-title elementor-size-default\">Fases del proyecto en cada Municipio<\/h2>\t\t\t\t<\/div>\n\t\t\t\t<\/div>\n\t\t\t\t<div class=\"elementor-element elementor-element-b2a59f1 elementor-widget elementor-widget-text-editor\" data-id=\"b2a59f1\" data-element_type=\"widget\" data-widget_type=\"text-editor.default\">\n\t\t\t\t<div class=\"elementor-widget-container\">\n\t\t\t\t\t\t\t\t\t<p class=\"font_2 wixui-rich-text__text\"><span class=\"color_15 wixui-rich-text__text\"><span class=\"wixui-rich-text__text\">&#8211; Primera fase: socializaci\u00f3n y caracterizaci\u00f3n en fichas t\u00e9cnicas para cada dependencia en alianza estrat\u00e9gica para el desarrollo de este noble prop\u00f3sito. labores que ya se iniciaron en conjunto con las entidades territoriales OSC de base en convenio con CONFEAGRO ONG, CONFEBIOAGRO ONG, bajo las licencias y permisos legales de las Alcald\u00edas participantes. Etapa de caracterizaci\u00f3n, por ASOPAEZ. ASOPANT, ASOVIERPAZ, SUNINGER, VENATO, INGEAMBIENTALES SAS. FUNES 23, FUNDACION CAMINO A LA LIBERTAD.<br class=\"wixui-rich-text__text\" \/><br class=\"wixui-rich-text__text\" \/>&#8211; Segunda fase: ingreso a la econom\u00eda solidaria, COOPFEAGROPAZ # 20, ONG CONFEAGRO,<br class=\"wixui-rich-text__text\" \/>ONG CONFEBIOAGRO, Capacitaci\u00f3n, Formaci\u00f3n y transformaci\u00f3n de producci\u00f3n artesanal, mediante la contrataci\u00f3n de instructores de las Regionales del CAMPESENA. y\/o convenio con profesionales por contrato de CONFEBIOAGRO ONG, egresados del SENA.<br class=\"wixui-rich-text__text\" \/><br class=\"wixui-rich-text__text\" \/>&#8211; Tercera fase: Acompa\u00f1amiento de los nuevos emprendedores.<br class=\"wixui-rich-text__text\" \/>en esta fase la ONG CONFEAGRO realizara un acompa\u00f1amiento de asistencia t\u00e9cnica, empresarial, financiera, administrativa, contable y de mercadeo para presentar los proyectos asociativos dentro de la econom\u00eda solidaria. Uno por uno cada proyecto. Conformaci\u00f3n del BANCO MUTUAL. FORTALECIMIENTO DE LAS ENTIDADES BANCARIAS DE SEGUNDO NIVEL.<br class=\"wixui-rich-text__text\" \/><br class=\"wixui-rich-text__text\" \/>&#8211; Cuarta Fase: descontaminaci\u00f3n de suelos y aguas, esta fase estar\u00e1 a cargo de la ONG CONFEBIOAGRO<br class=\"wixui-rich-text__text\" \/>cuyo objetivo es la utilizaci\u00f3n de sus productos (Bio preparados), que se inocularan en el suelo con el fin de descontaminar los cultivos afectados utilizando la nanotecnolog\u00eda.<br class=\"wixui-rich-text__text\" \/><br class=\"wixui-rich-text__text\" \/>&#8211; Quinta fase: Construcci\u00f3n de centros de acopio, sistemas de regad\u00edo y unidades productivas ap\u00edcolas (UPA), construcci\u00f3n de petar y tanques de abastecimiento de aguas, tanto lluvias, como de nacimientos cercanos a los centros de instalaci\u00f3n de sembr\u00edos florales y estaciones de colmenas para producci\u00f3n, mejoramiento de polinizaci\u00f3n.<br class=\"wixui-rich-text__text\" \/>Construcci\u00f3n de unidades productivas o centros de Acopio con todas las medidas rigurosas de sembrado, recolecci\u00f3n, lavado, pelado, distribuci\u00f3n y transformaci\u00f3n, adem\u00e1s de su<br class=\"wixui-rich-text__text\" \/>empaque y luego trasladado a las ciudadelas comerciales y sitios de transporte, los cuales los enviar\u00e1n a otros pa\u00edses que los soliciten. Mejoramiento de v\u00edas, puentes y tanques de recolecci\u00f3n de agua.<\/span><\/span><\/p><p class=\"font_2 wixui-rich-text__text\"><br class=\"wixui-rich-text__text\" \/><span class=\"color_15 wixui-rich-text__text\"><span class=\"wixui-rich-text__text\">&#8211; Sexta Fase: Cosecha, recolecci\u00f3n embalaje, y comercializaci\u00f3n: ser\u00e1n construidas unas (UNIDADES PRODUCTIVAS O CENTROS DE ACOPIO), con personal especializado, preparado para la llegada del producto, donde se realiza la selecci\u00f3n, pelado, lavado, inmersi\u00f3n en un producto de conservaci\u00f3n, luego pesado y empacado al vac\u00edo. Todas las medidas rigurosas de transformaci\u00f3n, empaque y transporte en camiones de transportes de alimentos adecuados a temperaturas que protejan los alimentos y su conservaci\u00f3n (empresa que produzca cajas y empaques biodegradables y de madera en convenio de ejecuci\u00f3n con CONFEAGRO ONG) y luego trasladado a las ciudadelas comerciales, para su distribuci\u00f3n.<br class=\"wixui-rich-text__text\" \/>Centros de acopio para producci\u00f3n de bio insumos. Bodegas, log\u00edstica Agropecuaria. Devoluciones\u2026distribuci\u00f3n de las<br class=\"wixui-rich-text__text\" \/>mismas contemplada en imprevistos de cosecha.<br class=\"wixui-rich-text__text\" \/><br class=\"wixui-rich-text__text\" \/>&#8211; S\u00e9ptima fase: Verificaci\u00f3n de resultados, estar\u00e1n soportados por el balance general y an\u00e1lisis y cumplimiento de metas, manejo de la actividad comercial, financiera y pago a productores y productoras a trav\u00e9s de la Cooperativa COOPFEAGROPAZ #20. PAGOS: Dpto. administrativo de CONFEAGRO ONG, CONFEBIOAGRO ONG,<br class=\"wixui-rich-text__text\" \/>COOPFEAGROPAZ#20, de acuerdo a los objetivos propuestos. La vivienda agroindustrial urbana y rural, se realizar\u00e1 a la par con el mejoramiento de varios aspectos, tales como mejoramiento de v\u00edas, construcci\u00f3n de vivienda rural y urbana A NIVEL NACONAL.<\/span><\/span><\/p>\t\t\t\t\t\t\t\t<\/div>\n\t\t\t\t<\/div>\n\t\t\t\t\t<\/div>\n\t\t<\/div>\n\t\t\t\t<div class=\"elementor-column elementor-col-50 elementor-top-column elementor-element elementor-element-036c3d1\" data-id=\"036c3d1\" data-element_type=\"column\">\n\t\t\t<div class=\"elementor-widget-wrap elementor-element-populated\">\n\t\t\t\t\t\t<div class=\"elementor-element elementor-element-c481a65 elementor-widget elementor-widget-spacer\" data-id=\"c481a65\" data-element_type=\"widget\" data-widget_type=\"spacer.default\">\n\t\t\t\t<div class=\"elementor-widget-container\">\n\t\t\t\t\t\t\t<div class=\"elementor-spacer\">\n\t\t\t<div class=\"elementor-spacer-inner\"><\/div>\n\t\t<\/div>\n\t\t\t\t\t\t<\/div>\n\t\t\t\t<\/div>\n\t\t\t\t<div class=\"elementor-element elementor-element-e71eb5e elementor-widget elementor-widget-image\" data-id=\"e71eb5e\" data-element_type=\"widget\" data-widget_type=\"image.default\">\n\t\t\t\t<div class=\"elementor-widget-container\">\n\t\t\t\t\t\t\t\t\t\t\t\t\t\t\t<img decoding=\"async\" width=\"1024\" height=\"683\" src=\"https:\/\/coopfeagropaz.org\/wp-content\/uploads\/2025\/09\/colombia-2722716-1024x683.jpg\" class=\"attachment-large size-large wp-image-931\" alt=\"\" srcset=\"https:\/\/coopfeagropaz.org\/wp-content\/uploads\/2025\/09\/colombia-2722716-1024x683.jpg 1024w, https:\/\/coopfeagropaz.org\/wp-content\/uploads\/2025\/09\/colombia-2722716-300x200.jpg 300w, https:\/\/coopfeagropaz.org\/wp-content\/uploads\/2025\/09\/colombia-2722716-768x512.jpg 768w, https:\/\/coopfeagropaz.org\/wp-content\/uploads\/2025\/09\/colombia-2722716-1536x1024.jpg 1536w, https:\/\/coopfeagropaz.org\/wp-content\/uploads\/2025\/09\/colombia-2722716-2048x1365.jpg 2048w\" sizes=\"(max-width: 1024px) 100vw, 1024px\" \/>\t\t\t\t\t\t\t\t\t\t\t\t\t\t\t<\/div>\n\t\t\t\t<\/div>\n\t\t\t\t<div class=\"elementor-element elementor-element-cfa81d0 elementor-widget elementor-widget-image\" data-id=\"cfa81d0\" data-element_type=\"widget\" data-widget_type=\"image.default\">\n\t\t\t\t<div class=\"elementor-widget-container\">\n\t\t\t\t\t\t\t\t\t\t\t\t\t\t\t<img decoding=\"async\" width=\"1024\" height=\"683\" src=\"https:\/\/coopfeagropaz.org\/wp-content\/uploads\/2025\/09\/sunset-4964311-1024x683.jpg\" class=\"attachment-large size-large wp-image-932\" alt=\"\" srcset=\"https:\/\/coopfeagropaz.org\/wp-content\/uploads\/2025\/09\/sunset-4964311-1024x683.jpg 1024w, https:\/\/coopfeagropaz.org\/wp-content\/uploads\/2025\/09\/sunset-4964311-300x200.jpg 300w, https:\/\/coopfeagropaz.org\/wp-content\/uploads\/2025\/09\/sunset-4964311-768x512.jpg 768w, https:\/\/coopfeagropaz.org\/wp-content\/uploads\/2025\/09\/sunset-4964311-1536x1024.jpg 1536w, https:\/\/coopfeagropaz.org\/wp-content\/uploads\/2025\/09\/sunset-4964311-2048x1365.jpg 2048w\" sizes=\"(max-width: 1024px) 100vw, 1024px\" \/>\t\t\t\t\t\t\t\t\t\t\t\t\t\t\t<\/div>\n\t\t\t\t<\/div>\n\t\t\t\t<div class=\"elementor-element elementor-element-90dd1fe elementor-widget elementor-widget-image\" data-id=\"90dd1fe\" data-element_type=\"widget\" data-widget_type=\"image.default\">\n\t\t\t\t<div class=\"elementor-widget-container\">\n\t\t\t\t\t\t\t\t\t\t\t\t\t\t\t<img loading=\"lazy\" decoding=\"async\" width=\"1024\" height=\"771\" src=\"https:\/\/coopfeagropaz.org\/wp-content\/uploads\/2025\/09\/WhatsApp-Image-2025-08-18-at-11.11.35-PM-2-1024x771.jpeg\" class=\"attachment-large size-large wp-image-933\" alt=\"\" srcset=\"https:\/\/coopfeagropaz.org\/wp-content\/uploads\/2025\/09\/WhatsApp-Image-2025-08-18-at-11.11.35-PM-2-1024x771.jpeg 1024w, https:\/\/coopfeagropaz.org\/wp-content\/uploads\/2025\/09\/WhatsApp-Image-2025-08-18-at-11.11.35-PM-2-300x226.jpeg 300w, https:\/\/coopfeagropaz.org\/wp-content\/uploads\/2025\/09\/WhatsApp-Image-2025-08-18-at-11.11.35-PM-2-768x578.jpeg 768w, https:\/\/coopfeagropaz.org\/wp-content\/uploads\/2025\/09\/WhatsApp-Image-2025-08-18-at-11.11.35-PM-2-1536x1156.jpeg 1536w, https:\/\/coopfeagropaz.org\/wp-content\/uploads\/2025\/09\/WhatsApp-Image-2025-08-18-at-11.11.35-PM-2.jpeg 1600w\" sizes=\"(max-width: 1024px) 100vw, 1024px\" \/>\t\t\t\t\t\t\t\t\t\t\t\t\t\t\t<\/div>\n\t\t\t\t<\/div>\n\t\t\t\t<div class=\"elementor-element elementor-element-39b9abb elementor-widget elementor-widget-image\" data-id=\"39b9abb\" data-element_type=\"widget\" data-widget_type=\"image.default\">\n\t\t\t\t<div class=\"elementor-widget-container\">\n\t\t\t\t\t\t\t\t\t\t\t\t\t\t\t<img loading=\"lazy\" decoding=\"async\" width=\"1024\" height=\"688\" src=\"https:\/\/coopfeagropaz.org\/wp-content\/uploads\/2025\/09\/family-4937226-1024x688.jpg\" class=\"attachment-large size-large wp-image-934\" alt=\"\" srcset=\"https:\/\/coopfeagropaz.org\/wp-content\/uploads\/2025\/09\/family-4937226-1024x688.jpg 1024w, https:\/\/coopfeagropaz.org\/wp-content\/uploads\/2025\/09\/family-4937226-300x202.jpg 300w, https:\/\/coopfeagropaz.org\/wp-content\/uploads\/2025\/09\/family-4937226-768x516.jpg 768w, https:\/\/coopfeagropaz.org\/wp-content\/uploads\/2025\/09\/family-4937226-1536x1032.jpg 1536w, https:\/\/coopfeagropaz.org\/wp-content\/uploads\/2025\/09\/family-4937226-2048x1376.jpg 2048w\" sizes=\"(max-width: 1024px) 100vw, 1024px\" \/>\t\t\t\t\t\t\t\t\t\t\t\t\t\t\t<\/div>\n\t\t\t\t<\/div>\n\t\t\t\t\t<\/div>\n\t\t<\/div>\n\t\t\t\t\t<\/div>\n\t\t<\/section>\n\t\t\t\t<\/div>\n\t\t","protected":false},"excerpt":{"rendered":"<p>PROGRAMA AGROINDUSTRIAL NACIONAL \u201cREACTIVAR AGROINDUSTRIALMENTETODAS LAS CADENAS AGRICOLAS Y PECUARIAS ORG\u00c1NICAS EN COLOMBIA\u201d RESUMEN DEL PROBLEMA El uso de los [&hellip;]<\/p>\n","protected":false},"author":1,"featured_media":0,"parent":0,"menu_order":0,"comment_status":"closed","ping_status":"closed","template":"","meta":{"site-sidebar-layout":"no-sidebar","site-content-layout":"","ast-site-content-layout":"full-width-container","site-content-style":"default","site-sidebar-style":"default","ast-global-header-display":"","ast-banner-title-visibility":"","ast-main-header-display":"","ast-hfb-above-header-display":"","ast-hfb-below-header-display":"","ast-hfb-mobile-header-display":"","site-post-title":"disabled","ast-breadcrumbs-content":"","ast-featured-img":"disabled","footer-sml-layout":"","theme-transparent-header-meta":"","adv-header-id-meta":"","stick-header-meta":"","header-above-stick-meta":"","header-main-stick-meta":"","header-below-stick-meta":"","astra-migrate-meta-layouts":"default","ast-page-background-enabled":"default","ast-page-background-meta":{"desktop":{"background-color":"var(--ast-global-color-4)","background-image":"","background-repeat":"repeat","background-position":"center center","background-size":"auto","background-attachment":"scroll","background-type":"","background-media":"","overlay-type":"","overlay-color":"","overlay-opacity":"","overlay-gradient":""},"tablet":{"background-color":"","background-image":"","background-repeat":"repeat","background-position":"center center","background-size":"auto","background-attachment":"scroll","background-type":"","background-media":"","overlay-type":"","overlay-color":"","overlay-opacity":"","overlay-gradient":""},"mobile":{"background-color":"","background-image":"","background-repeat":"repeat","background-position":"center center","background-size":"auto","background-attachment":"scroll","background-type":"","background-media":"","overlay-type":"","overlay-color":"","overlay-opacity":"","overlay-gradient":""}},"ast-content-background-meta":{"desktop":{"background-color":"var(--ast-global-color-5)","background-image":"","background-repeat":"repeat","background-position":"center center","background-size":"auto","background-attachment":"scroll","background-type":"","background-media":"","overlay-type":"","overlay-color":"","overlay-opacity":"","overlay-gradient":""},"tablet":{"background-color":"var(--ast-global-color-5)","background-image":"","background-repeat":"repeat","background-position":"center center","background-size":"auto","background-attachment":"scroll","background-type":"","background-media":"","overlay-type":"","overlay-color":"","overlay-opacity":"","overlay-gradient":""},"mobile":{"background-color":"var(--ast-global-color-5)","background-image":"","background-repeat":"repeat","background-position":"center center","background-size":"auto","background-attachment":"scroll","background-type":"","background-media":"","overlay-type":"","overlay-color":"","overlay-opacity":"","overlay-gradient":""}},"footnotes":""},"class_list":["post-74","page","type-page","status-publish","hentry"],"_links":{"self":[{"href":"https:\/\/coopfeagropaz.org\/index.php\/wp-json\/wp\/v2\/pages\/74","targetHints":{"allow":["GET"]}}],"collection":[{"href":"https:\/\/coopfeagropaz.org\/index.php\/wp-json\/wp\/v2\/pages"}],"about":[{"href":"https:\/\/coopfeagropaz.org\/index.php\/wp-json\/wp\/v2\/types\/page"}],"author":[{"embeddable":true,"href":"https:\/\/coopfeagropaz.org\/index.php\/wp-json\/wp\/v2\/users\/1"}],"replies":[{"embeddable":true,"href":"https:\/\/coopfeagropaz.org\/index.php\/wp-json\/wp\/v2\/comments?post=74"}],"version-history":[{"count":10,"href":"https:\/\/coopfeagropaz.org\/index.php\/wp-json\/wp\/v2\/pages\/74\/revisions"}],"predecessor-version":[{"id":940,"href":"https:\/\/coopfeagropaz.org\/index.php\/wp-json\/wp\/v2\/pages\/74\/revisions\/940"}],"wp:attachment":[{"href":"https:\/\/coopfeagropaz.org\/index.php\/wp-json\/wp\/v2\/media?parent=74"}],"curies":[{"name":"wp","href":"https:\/\/api.w.org\/{rel}","templated":true}]}}